{"version":"1.0","provider_name":"The Ir\u00f8n Age | The Headbangers","provider_url":"http:\/\/headbangers.fr\/en\/","author_name":"Webmaster","author_url":"http:\/\/headbangers.fr\/en\/author\/webmaster\/","title":"Headbangers s\u00e9lectionn\u00e9 au tremplin du festival Jazz \u00e0 Vienne - The Ir\u00f8n Age | The Headbangers","type":"rich","width":600,"height":338,"html":"<blockquote class=\"wp-embedded-content\" data-secret=\"LFMKvwx1xK\"><a href=\"http:\/\/headbangers.fr\/en\/headbangers-selectionne-tremplin-festival-jazz-a-vienne\/\">Headbangers s\u00e9lectionn\u00e9 au tremplin du festival Jazz \u00e0 Vienne<\/a><\/blockquote><iframe sandbox=\"allow-scripts\" security=\"restricted\" src=\"http:\/\/headbangers.fr\/en\/headbangers-selectionne-tremplin-festival-jazz-a-vienne\/embed\/#?secret=LFMKvwx1xK\" width=\"600\" height=\"338\" title=\"&#8220;Headbangers s\u00e9lectionn\u00e9 au tremplin du festival Jazz \u00e0 Vienne&#8221; &#8212; The Ir\u00f8n Age | The Headbangers\" data-secret=\"LFMKvwx1xK\" frameborder=\"0\" marginwidth=\"0\" marginheight=\"0\" scrolling=\"no\" class=\"wp-embedded-content\"><\/iframe><script type=\"text\/javascript\">\n\/*! This file is auto-generated *\/\n!function(c,d){\"use strict\";var e=!1,o=!1;if(d.querySelector)if(c.addEventListener)e=!0;if(c.wp=c.wp||{},c.wp.receiveEmbedMessage);else if(c.wp.receiveEmbedMessage=function(e){var t=e.data;if(!t);else if(!(t.secret||t.message||t.value));else if(\/[^a-zA-Z0-9]\/.test(t.secret));else{for(var r,s,a,i=d.querySelectorAll('iframe[data-secret=\"'+t.secret+'\"]'),n=d.querySelectorAll('blockquote[data-secret=\"'+t.secret+'\"]'),o=new RegExp(\"^https?:$\",\"i\"),l=0;l<n.length;l++)n[l].style.display=\"none\";for(l=0;l<i.length;l++)if(r=i[l],e.source!==r.contentWindow);else{if(r.removeAttribute(\"style\"),\"height\"===t.message){if(1e3<(s=parseInt(t.value,10)))s=1e3;else if(~~s<200)s=200;r.height=s}if(\"link\"===t.message)if(s=d.createElement(\"a\"),a=d.createElement(\"a\"),s.href=r.getAttribute(\"src\"),a.href=t.value,!o.test(a.protocol));else if(a.host===s.host)if(d.activeElement===r)c.top.location.href=t.value}}},e)c.addEventListener(\"message\",c.wp.receiveEmbedMessage,!1),d.addEventListener(\"DOMContentLoaded\",t,!1),c.addEventListener(\"load\",t,!1);function t(){if(o);else{o=!0;for(var e,t,r,s=-1!==navigator.appVersion.indexOf(\"MSIE 10\"),a=!!navigator.userAgent.match(\/Trident.*rv:11\\.\/),i=d.querySelectorAll(\"iframe.wp-embedded-content\"),n=0;n<i.length;n++){if(!(r=(t=i[n]).getAttribute(\"data-secret\")))r=Math.random().toString(36).substr(2,10),t.src+=\"#?secret=\"+r,t.setAttribute(\"data-secret\",r);if(s||a)(e=t.cloneNode(!0)).removeAttribute(\"security\"),t.parentNode.replaceChild(e,t);t.contentWindow.postMessage({message:\"ready\",secret:r},\"*\")}}}}(window,document);\n<\/script>\n","thumbnail_url":"http:\/\/headbangers.fr\/wp-content\/uploads\/2013\/07\/festival-jazz-a-vienne.jpg","thumbnail_width":960,"thumbnail_height":717,"description":"[vc_row][vc_column width=&#8221;1\/2&#8243;][vc_single_image image=&#8221;2243&#8243; img_size=&#8221;full&#8221; border_color=&#8221;grey&#8221;][\/vc_column][vc_column width=&#8221;1\/2&#8243;][vc_column_text]Le R\u00e9ZZo Focal Jazz \u00e0 Vienne est n\u00e9 de la volont\u00e9 de Jazz \u00e0 Vienne de porter sur le devant de la sc\u00e8ne les nouveaux talents du jazz. Headbangers est s\u00e9lectionn\u00e9 avec les groupes suivants."}

The Irøn Age | The Headbangers

Headbangers sélectionné au tremplin du festival Jazz à Vienne - The Irøn Age | The Headbangers

<blockquote class="wp-embedded-content" data-secret="LFMKvwx1xK"><a href="http://headbangers.fr/en/headbangers-selectionne-tremplin-festival-jazz-a-vienne/">Headbangers sélectionné au tremplin du festival Jazz à Vienne</a></blockquote><iframe sandbox="allow-scripts" security="restricted" src="http://headbangers.fr/en/headbangers-selectionne-tremplin-festival-jazz-a-vienne/embed/#?secret=LFMKvwx1xK" width="600" height="338" title="&#8220;Headbangers sélectionné au tremplin du festival Jazz à Vienne&#8221; &#8212; The Irøn Age | The Headbangers" data-secret="LFMKvwx1xK" frameborder="0" marginwidth="0" marginheight="0" scrolling="no" class="wp-embedded-content"></iframe><script type="text/javascript">
/*! This file is auto-generated */
!function(c,d){"use strict";var e=!1,o=!1;if(d.querySelector)if(c.addEventListener)e=!0;if(c.wp=c.wp||{},c.wp.receiveEmbedMessage);else if(c.wp.receiveEmbedMessage=function(e){var t=e.data;if(!t);else if(!(t.secret||t.message||t.value));else if(/[^a-zA-Z0-9]/.test(t.secret));else{for(var r,s,a,i=d.querySelectorAll('iframe[data-secret="'+t.secret+'"]'),n=d.querySelectorAll('blockquote[data-secret="'+t.secret+'"]'),o=new RegExp("^https?:$","i"),l=0;l<n.length;l++)n[l].style.display="none";for(l=0;l<i.length;l++)if(r=i[l],e.source!==r.contentWindow);else{if(r.removeAttribute("style"),"height"===t.message){if(1e3<(s=parseInt(t.value,10)))s=1e3;else if(~~s<200)s=200;r.height=s}if("link"===t.message)if(s=d.createElement("a"),a=d.createElement("a"),s.href=r.getAttribute("src"),a.href=t.value,!o.test(a.protocol));else if(a.host===s.host)if(d.activeElement===r)c.top.location.href=t.value}}},e)c.addEventListener("message",c.wp.receiveEmbedMessage,!1),d.addEventListener("DOMContentLoaded",t,!1),c.addEventListener("load",t,!1);function t(){if(o);else{o=!0;for(var e,t,r,s=-1!==navigator.appVersion.indexOf("MSIE 10"),a=!!navigator.userAgent.match(/Trident.*rv:11\./),i=d.querySelectorAll("iframe.wp-embedded-content"),n=0;n<i.length;n++){if(!(r=(t=i[n]).getAttribute("data-secret")))r=Math.random().toString(36).substr(2,10),t.src+="#?secret="+r,t.setAttribute("data-secret",r);if(s||a)(e=t.cloneNode(!0)).removeAttribute("security"),t.parentNode.replaceChild(e,t);t.contentWindow.postMessage({message:"ready",secret:r},"*")}}}}(window,document);
</script>

[vc_row][vc_column width=&#8221;1/2&#8243;][vc_single_image image=&#8221;2243&#8243; img_size=&#8221;full&#8221; border_color=&#8221;grey&#8221;][/vc_column][vc_column width=&#8221;1/2&#8243;][vc_column_text]Le RéZZo Focal Jazz à Vienne est né de la volonté de Jazz à Vienne de porter sur le devant de la scène les nouveaux talents du jazz. Headbangers est sélectionné avec les groupes suivants.
